pose 0 = -v - 4, -5*f - 4*v = v + 20. Suppose f = 2*u - 7 - 11. What is the remainder when 62/4 + 1/2 is divided by u?
7
Suppose -4*o - 366 = -5*n, -3*n + 0*o + 4*o + 226 = 0. Calculate the remainder when n is divided by 18.
16
Suppose 1 - 11 = -5*j. Suppose -10 = j*s - 7*s. Calculate the remainder when 4 is divided by s.
0
Calculate the remainder when 107 is divided by (296/(-24))/(2*(-2)/12).
33
Let d = 82 + -43. Suppose -1 - 3 = -4*q, d = a + 2*q. Calculate the remainder when a is divided by 13.
11
Suppose -2*i - 4 = 2*i. Let o be -1 + -1 - (0 + -4). Let l = o + i. Calculate the remainder when 1 is divided by l.
0
Let a = -10 - -17. Calculate the remainder when 32 is divided by a.
4
Suppose 0 = 6*l - 11*l + 60. Calculate the remainder when 35 is divided by l.
11
Suppose -s - 3*s + 3*m + 14 = 0, 0 = -4*m + 8. What is the remainder when 8 is divided by s?
3
Let f(j) = -j**2 + 8*j - 7. Calculate the remainder when 21 is divided by f(5).
5
Let q = -30 - -34. Calculate the remainder when q is divided by 4.
0
Let d(i) = 4*i - 2. Let k be d(-6). What is the remainder when 3/6 - k/4 is divided by 3?
1
Suppose -8*u + 12*u = 0. Suppose -r + 2*r - 5 = u. What is the remainder when r is divided by 4?
1
Calculate the remainder when ((-372)/6)/(10/(-6) - -1) is divided by 16.
13
Let n = -30 - -32. Let x(r) = r + 1. What is the remainder when x(4) is divided by n?
1
Suppose -5*u = -u - 48. Let x = 65 - 26. Let y = x - 17. Calculate the remainder when y is divided by u.
10
Let c be (-1)/(-1) + 3/1. Suppose -10 = 2*i - 4, 4*a - c*i - 60 = 0. Calculate the remainder when 45 is divided by a.
9
Let d(c) = -c**2 - 15*c + 4. Let g be d(-8). Suppose 0 = -0*k - 5*k + g. Calculate the remainder when 34 is divided by k.
10
Suppose 5*p + 0*b + 5*b - 530 = 0, 4*p + 3*b = 425. What is the remainder when p is divided by 18?
17
Suppose 0 = -4*n + 3*n + 3*o + 10, -4*n + 40 = -4*o. Calculate the remainder when n is divided by 4.
2
Let m = -169 + 468. Calculate the remainder when m is divided by 43.
41
Suppose -5*o = 19 + 1. Let q(y) = -6*y - 4. Suppose 4*n - 28 = -0*n. What is the remainder when q(o) is divided by n?
6
Let x(a) = 2*a**2 - 21*a + 123. Calculate the remainder when x(8) is divided by (-6 + -1)/(2/(-6)).
20
Let o = 526 + -499. Suppose 0 = -3*t + 7*t - 420. What is the remainder when t is divided by o?
24
Let y(r) = -r**2 - 5*r + 2. Let p be y(-5). Suppose 0*l + 4*w - 21 = -3*l, 2*l - 14 = -p*w. What is the remainder when l is divided by 4?
3
Let k be (-13)/(-3) - (-8)/(-6). Suppose 20 = l + k. Calculate the remainder when 31 is divided by l.
14
Suppose v - 4 = -2*z, 0*z + 23 = 2*v - z. What is the remainder when 26 is divided by v?
6
Let j = -9 - -14. Let t(h) = -6*h**3 - 1. Let x be t(-1). Suppose 27 = b - x*y, y = -2*y - 15. Calculate the remainder when j is divided by b.
1
Suppose -3*v = v - 76. Suppose -2*w - 16 = -4*w + f, 4*w + 5*f = 18. What is the remainder when v is divided by w?
5
Let n(z) = 4*z**2 + 3*z + 4. Calculate the remainder when 54 is divided by n(-2).
12
Suppose 3*q = -4*y + 2*y + 70, -5*q + 2*y = -106. Suppose 4*b - q = 2. Calculate the remainder when 7 is divided by 6/18 + 22/b.
3
Let i(h) = -h + 3. Let d be i(0). Suppose d*f = f + 26. Suppose -3*j + 16 = 5*x, j + 3*j + 3*x = 25. What is the remainder when f is divided by j?
6
Let d(g) = 72*g + 2. Let q be d(2). Let w = 205 - q. Suppose 2*j - 44 = 4*z, -4*j - z = -0*j - 79. Calculate the remainder when w is divided by j.
19
Suppose 3 = j - 3*f - 2, 2*j = -2*f + 18. What is the remainder when 13 is divided by j?
5
What is the remainder when 2 - 73*(-1 + -1) is divided by 25?
23
Suppose 3*d = d - 6. Let g be ((-2)/6)/((-1)/d). Calculate the remainder when 52 - (-1 - g) - -1 is divided by 18.
17
Let v = -21 + 21. Suppose v*c + 105 = 5*c. What is the remainder when 62 is divided by c?
20
Let x = -462 - -297. Let v be (-2)/(-4) + x/(-6). Suppose a = 3*a - v. What is the remainder when 41 is divided by a?
13
Let s = -14 - -25. Let v = s - 6. Suppose -6*u = -v*u - 15. Calculate the remainder when 28 is divided by u.
13
Let c(o) = -o - 1. Let b(m) = -5*m - 9. Let z(n) = -b(n) + 4*c(n). Calculate the remainder when 13 is divided by z(0).
3
Let n(w) = 3*w - 2 - w + w - 1. What is the remainder when 46 is divided by n(9)?
22
Let d = 35 + -20. Let u(o) = 7*o**2 - 2*o**2 - 1 - 3*o**2 + 7*o. What is the remainder when u(-6) is divided by d?
14
Let n(y) = y**2 - 8. Calculate the remainder when n(-7) is divided by 22.
19
Let q(r) = 161*r - 23. Calculate the remainder when q(2) is divided by 50.
49
Let k(j) = 6*j**2 + 15*j + 7. What is the remainder when 57 is divided by k(-3)?
9
Suppose 2*q = 4*v + 10, -q - 2*v = -1 - 4. Suppose 2*g - 24 = -j + 5*g, -2*j + 26 = q*g. Let h = -71 - -106. What is the remainder when h is divided by j?
17
Let l(m) = -54*m - 17. What is the remainder when l(-4) is divided by 25?
24
Suppose -d - 10 = -31. Suppose 2*l = 3*l - d. Calculate the remainder when 40 is divided by l.
19
Let t = 15 - 7. Let p(j) = -j + 14. Let d be 4*(-1)/(-2) - 2. What is the remainder when p(d) is divided by t?
6
Let i(s) = 4*s - 5*s**2 - 2 - s**3 - 4 + 1. Let z be i(-6). Suppose 2*c + c - 4*j = 18, 0 = 2*c - j - z. What is the remainder when 3 is divided by c?
1
Let o(g) = -g**2 + g - 1. Let z(s) = 9*s**2 + 3*s - 2. Let r(c) = -2*o(c) + z(c). Suppose -5*i - 225 = -10*i. Calculate the remainder when i is divided by r(1).
9
Let v(q) = 0*q**2 - 5*q + 5*q**2 - 6*q + 2. Let c(l) = 9*l**2 - 21*l + 4. Let o(w) = 4*c(w) - 7*v(w). Calculate the remainder when 5 is divided by o(7).
1
Let c(l) = 10*l - 20. Calculate the remainder when c(6) is divided by 22.
18
Suppose 7*h - 40 = 12*h. What is the remainder when 36 is divided by (2/1)/(h/(-52))?
10
Let b = -5 + 10. Suppose 0*g + 5*g = b. Suppose f + 4*t + 3 - g = 0, 10 = 2*f + t. What is the remainder when 17 is divided by f?
5
What is the remainder when 49 is divided by 8/(-32) + (-73)/(-4)?
13
Let v be 8/(-20) - 202/(-5). Let q = 64 - v. What is the remainder when q is divided by 13?
11
Let c(r) = 3*r**2 - r - 3. Let k = 103 + -61. Calculate the remainder when k is divided by c(-2).
9
Suppose 2*w - 46 + 32 = 0. What is the remainder when 33 is divided by w?
5
Let s = 2 + 0. Let g = s + 8. What is the remainder when ((-38)/(-8))/((-1)/(-4)) is divided by g?
9
Suppose 60 = 4*c + 4*b, 3*c = -0*c - b + 55. What is the remainder when c is divided by 11?
9
Let i = -10 - 5. Let y(q) = q + 32. What is the remainder when 50 is divided by y(i)?
16
Let a(p) be the third derivative of -p**4/8 - p**3/3 - p**2. Suppose -2*o = o + 12. What is the remainder when 28 is divided by a(o)?
8
Let w(c) = 7*c**2 + 1. Suppose 0 = -3*j + 2*y - 13, 2*j + y - 8 = -y. Calculate the remainder when 29 is divided by w(j).
5
Suppose 10*x = -2*x + 1680. Calculate the remainder when x is divided by 47.
46
Suppose 5*g - 4*f - 26 = 10, -3*f = 3*g. What is the remainder when g is divided by 3?
1
What is the remainder when 41 is divided by (-151)/(-6) + (-5)/30?
16
Let i(y) = -y**3 - y**2 - y + 8. Let n be i(0). Suppose -4*m - n = -20. Calculate the remainder when 7 is divided by m.
1
Suppose -6*m = -81 - 417. Calculate the remainder when m is divided by 14.
13
Suppose 2*h + 0*h + 3*a = -12, -2*h = -3*a - 12. Let c = h - -8. Calculate the remainder when c is divided by 3.
2
Let r be (-168)/5 + (-3)/(-5). Let w = r + 80. What is the remainder when w is divided by 12?
11
Let v(a) = a**2 + 24. Let w be v(0). Suppose 0 = x - 4*x + w. Suppose 0 = 148*t - 141*t - 21. What is the remainder when x is divided by t?
2
Suppose 2*b + 5*m - 36 = 66, 2*m = 3*b - 172. What is the remainder when 110 is divided by b?
54
Suppose -2*b - 21 = -3*b. Let u = -135 + 196. What is the remainder when u is divided by b?
19
What is the remainder when (282/(-10))/((-4)/20) is divided by 16?
13
Let r = -5 - -9. What is the remainder when (r/(-1))/((-2)/7) is divided by 5?
4
Suppose 5*b + 4*c + 2 = 0, 3*b = -2*c - 3*c - 9. Suppose 0 = 5*n - b - 43. Let r(j) = j**2 + j - 4. Calculate the remainder when r(5) is divided by n.
8
Let y(k) be the first derivative of 3*k**2/2 + 4*k - 1. Let l be y(-4). Let q(i) = -i**2 - 10*i - 6. Calculate the remainder when 37 is divided by q(l).
7
Suppose z = 5*z - 44. Suppose 5*t + 38 = 5*a - 